 remainder when l is divided by p.
8
Calculate the remainder when -478*-6*9/108 is divided by 64.
47
Suppose 15 + 247 = 2*x + m, 20 = 5*m. Suppose -81 = -6*s + x. What is the remainder when 138 is divided by s?
33
Let g(n) = 9*n**2 + 188*n + 331. Calculate the remainder when 383 is divided by g(-19).
7
Suppose 2*m + 327 = -5*c + 857, -5*c - 550 = -2*m. Let l = -15 - -54. What is the remainder when m is divided by l?
36
Calculate the remainder when 236 is divided by (100/35)/(-1 + (-88)/(-84)).
56
Let w(s) = -583*s + 4241. What is the remainder when w(-8) is divided by 68?
65
Let y(f) = f**2 + 15*f + 33. Let s = -45 - -31. What is the remainder when 31 is divided by y(s)?
12
Let y(z) = z**2 + 1. Let h be y(-1). Suppose 3*m = -h*m + 10. Let g(v) = 32*v + 8. Calculate the remainder when g(m) is divided by 25.
22
Let i(l) = 5*l**2 - 4*l - 8. Let x(t) = 2. Let z(a) = i(a) + 5*x(a). Calculate the remainder when 40 is divided by z(2).
12
Suppose b = -4*a + 3*a, -5*b - a = 8. Let u = b + 30. Calculate the remainder when 111 is divided by u.
27
Let a = 1890 - 2669. Let d = 876 + a. Calculate the remainder when d is divided by 11.
9
Let x = -2707 - -2979. What is the remainder when x is divided by 7?
6
Let i be ((-220)/(-8) - 2)*44/(-2). Let y = i - -577. Calculate the remainder when 46 is divided by y.
14
Suppose 4*h - 53 + 77 = 0. Let s be 1/((-7)/((-63)/h))*12. Calculate the remainder when 45/(-4)*48/s is divided by 17.
13
Suppose -4 = -4*x, -o = 4*x - 11 + 2. Suppose u + u = -o*v - 199, 5*v = -u - 197. Let i = v + 61. What is the remainder when i is divided by 13?
9
Let o(n) = -304*n + 13. Let u(c) = -8*c - 80. Calculate the remainder when o(-1) is divided by u(-18).
61
Suppose -46656 = -6*j + 61608. Let x = 212 + -173. What is the remainder when 2/(-9) - j/(-117) is divided by x?
37
Suppose -4*w + 2645 = 25*w - 1705. Calculate the remainder when w is divided by 4/10 - 1316/(-35).
36
Let i(j) = 23 - 2*j + 5*j + 84 + 9*j. Calculate the remainder when 80 is divided by i(-7).
11
Let r be 5/(-2)*(-20)/(100/(-10)). Let q(m) = 7*m**2 - 26*m - 22. Calculate the remainder when q(r) is divided by 72.
67
Let u be (-52)/(-3 + (-1 - -3)). Suppose -456 = u*m - 60*m. Calculate the remainder when m is divided by 26.
5
Let n = 7 - -2. Suppose 0 = 3*p - n, -2*q + 2*p = -0*p + 4. Let d(g) = 26*g**3 - 3*g + 2. Calculate the remainder when d(q) is divided by 13.
12
Suppose -3*j = -20*q + 16*q + 35, -5*j - 13 = -q. What is the remainder when (-101)/(-1) + -11 + q is divided by 5?
3
Let m(y) = 1382*y - 22042. Suppose 50 = 3*j - j. Calculate the remainder when m(16) is divided by j.
20
Suppose 2*q - 4 = 108. What is the remainder when 3/7 - (-3839767)/23191 is divided by q?
54
Let j = 22118 + -11356. What is the remainder when j is divided by 46?
44
Suppose 4894 = 5*u - 2*b + 386, 0 = 4*u + 2*b - 3628. What is the remainder when u is divided by 14?
8
Let x = 10672 - 10533. What is the remainder when 247 is divided by x?
108
Let k(w) = -w. Let z(v) = -v**2 - 21*v - 39. Let x(o) = 5*k(o) + z(o). Calculate the remainder when x(-21) is divided by 51.
15
Suppose 0*m = -5*m + 535. Let v(j) = j**2 - 3*j + 17. Let b = 39 - 34. What is the remainder when m is divided by v(b)?
26
Suppose 41*g - 90774 = 14*g. What is the remainder when g is divided by 33?
29
Let o(y) = -3*y**3 + y - 2. Let z be o(-2). Let i = -16 + z. Suppose 26 = w + 4*m, -3*w + 82 = 2*w - i*m. Calculate the remainder when w is divided by 5.
3
Suppose -85 = -l - 8*t + 4*t, 2*t = 0. Let y(h) = -120*h - 1635. What is the remainder when l is divided by y(-14)?
40
Suppose 17*j - 2700 = 7*j. Calculate the remainder when j is divided by 55.
50
Let d(m) = -m**2 - 59*m - 648. Calculate the remainder when d(-30) is divided by 212.
10
What is the remainder when 2830/(-3)*42/(-98) - (-30)/(-105) is divided by 159?
86
Suppose 832*d + 832*d = 1659*d + 720. Calculate the remainder when d is divided by 124.
20
Let a(k) = -k**3 + 15*k**2 - 12*k - 16. Let h be a(14). Let r be h/(-8)*(-76)/6. Let t = r - 16. Calculate the remainder when t is divided by 2.
1
Let a(x) = -x**3 + 16*x**2 - 39*x - 28. What is the remainder when a(9) is divided by 68?
52
Suppose 4*a + 4*j = 132, 12*a - 4*j = 8*a + 92. Calculate the remainder when 179 is divided by (124/(-10))/(a/(-210)*3).
24
Let q be 20*(0 + 45/20). Let d = 67 - q. What is the remainder when 76 is divided by d - 2 - (-2 + 0)?
10
Let h(k) = 3*k - 15. Let f be h(6). Suppose -13*x + 290 = -f*x. Suppose -3*j + 16 = i, 2*i - 2*j = x + 11. What is the remainder when i is divided by 11?
8
Let z be 6 - 40/(5 - 7). Suppose 28*m - z*m - 446 = 0. What is the remainder when m is divided by 38?
33
Suppose -k = -4*y + 262, -k - 241 = -y + 21. Let h = 304 + k. What is the remainder when h is divided by 3?
0
What is the remainder when 410 is divided by 1/16 + (-8 - (-14795)/80)?
56
Let r(l) = l**3 + 12*l**2 + 21. Let m = -102 + 90. What is the remainder when r(m) is divided by 4?
1
What is the remainder when 153 is divided by 5 + (-672)/(-28) + 2*-1?
18
Let t(c) = -14*c + 1578. Let l(k) = k**2 + 81. Let m be l(0). Suppose m + 41 = 3*h + n, -h + 22 = 5*n. Calculate the remainder when t(107) is divided by h.
38
Suppose 2*s + 98 = 5*s - v, 0 = s + v - 34. Let z = 389 - -140. Let i = -517 + z. Calculate the remainder when s is divided by i.
9
Let m(g) = 7*g**3 + g**2 + 2*g - 3. Let a be -8*(2/(-8) - 3). Suppose 4*y + 2*l = a, 0*y + 4*l + 2 = -2*y. What is the remainder when m(2) is divided by y?
7
Suppose -41 - 15 = -14*m. What is the remainder when 163 is divided by (-48)/(-96) - (-86)/m?
9
Let s = 26633 + -26626. Suppose 697 = 5*t - k + 4*k, -3*t + 427 = 4*k. What is the remainder when t is divided by s?
4
Let n(k) = -20*k + 451. What is the remainder when 274 is divided by n(21)?
26
Let w(l) = l**3 + 5*l**2 - 20*l - 60. What is the remainder when (-3)/2 + (-297)/(-2) is divided by w(-5)?
27
Let r(m) = m**3 - 20*m**2 + 145*m - 38. Calculate the remainder when r(13) is divided by 23.
20
Let j(r) = 309*r**2 + 116*r - 1. Calculate the remainder when j(4) is divided by 104.
103
Let l = 34406 - 32701. Calculate the remainder when 1721 is divided by l.
16
Let g(b) = b**2 + 3*b + 4. Let k be (-2)/12 + 10/60. Let x be g(k). Suppose -5*s + 9 - x = 0. Calculate the remainder when 2 is divided by s.
0
Suppose -6*g + 26 + 22 = 0. Suppose -g*d - 8 = -32. Suppose a - 47 = -d*w, 2*w + 3*w - 76 = -4*a. Calculate the remainder when 45 is divided by w.
13
Suppose 6*i - i - 165 = 0. Suppose -i = -4*s + 11. Suppose 2*k = -y - y + 70, k - 4*y - 15 = 0. What is the remainder when k is divided by s?
9
Suppose 778 = 5*q - 0*t - 3*t, -t = -5*q + 776. Suppose 2*s - 77 = l, -s - l - 347 = -387. What is the remainder when q is divided by s?
38
Let v = 346 - 178. Let p be -1 + 1 - (-17)/(119/v). Calculate the remainder when 254 is divided by (p - (-15)/3) + 3.
30
Suppose -488 = -5*b - d, -b - 2*d + 92 = d. Suppose -3*q = -q + 8, 5*p - 2*q - b = 0. What is the remainder when 77 - -4 - 1 - -7 is divided by p?
15
Let v = 2 + 7. Suppose -95 - v = -4*c. Let w = -448 - -575. Calculate the remainder when w is divided by c.
23
Let l = 47 - 51. Calculate the remainder when 50/l*1*(0 + -2) is divided by 20/(-6)*(45/(-6) - -6).
0
Let r = -15021 + 15208. Suppose 21 = -2*w + 3*w. Calculate the remainder when r is divided by w.
19
Suppose 17*c - 43120 = -27*c. Calculate the remainder when c is divided by 159.
26
Let k(w) = -19*w - 10*w + 19*w - 76 + 14*w**2. Calculate the remainder when k(-6) is divided by 35.
33
Suppose -y = 8, 6*y = 2*f + 8*y - 2870. What is the remainder when f is divided by 210?
183
Suppose f - q = 143, -3*f + 6*f - 2*q = 425. Let o = -72 + f. Let v = o - 48. What is the remainder when 73 is divided by v?
16
Suppose -7*i - 96 = -117. Calculate the remainder when (i + (-11)/(-2))*(1 - -1) is divided by 10.
7
Let p(c) = 11*c**3 + 9*c**2 - 4*c - 4. Let r(d) = 9*d**3 + 8*d**2 - 5*d - 5. Let n(v) = -4*p(v) + 5*r(v). Calculate the remainder when 53 is divided by n(-3).
26
Let b(i) = 1076*i - 5350. What is the remainder when b(5) is divided by 24?
6
Let r(t) = 4*t**2 + 106*t - 85. Let w(q) = q**2 + 35*q - 28. Let v(h) = -2*r(h) + 7*w(h). What is the remainder when 429 is divided by v(31)?
33
Suppose 418552 = 215*s + 34562. What 